170 = y - 2*d. What is the highest common divisor of 20 and y?
20
Suppose 5*a - z - 21837 = -4378, 3*a + 5*z - 10481 = 0. Calculate the greatest common factor of 24 and a.
12
Suppose k + 5*o = 55, 3*k - 2*k - 2*o = 41. Suppose 2*t + t - k = 0. Suppose 8*f = t*f - 140. What is the highest common divisor of f and 8?
4
Let g = 33 + -33. Let x = g + 2. Suppose 0 = -x*q + 49 + 31. What is the highest common divisor of 5 and q?
5
Let w be -2 + -1 + 2 + 23. Let o(b) = 4*b**2 + b - 3. Let s(k) = -5*k + 28. Let g be s(6). Let n be o(g). What is the highest common divisor of w and n?
11
Let y(q) = -2*q**2 + 17*q + 13. Let t be y(9). Let w = 116 + -111. What is the greatest common factor of t and w?
1
Suppose 19164 = 4*s - 3*i, -2*s + 0*i = -3*i - 9588. What is the highest common divisor of 21 and s?
21
Suppose x - 4*i - 59 = 0, -4*x + 15*i - 17*i = -182. Let y = -55 - -572. Calculate the highest common divisor of x and y.
47
Suppose 2*c + 4*p = -2*c + 64, 0 = -4*c + 5*p + 37. Let l be 0 - 4 - -15 - 14/(-7). Calculate the greatest common divisor of c and l.
13
Let u = 13 - -14. Suppose -5*j + 53 = -u. Suppose -5*c - y + 131 = j, -3*y = 2*c - 33. Calculate the greatest common divisor of 2 and c.
2
Let w be (36/16 - 5)*4/(-1). Suppose -w*f = -7*f - 4*i - 96, f - 42 = -5*i. Calculate the greatest common factor of f and 6.
3
Let j(s) = 38*s + 687. Let y be j(14). What is the greatest common factor of 46 and y?
23
Let s(l) = -2*l**3 + 6*l**2 - 22*l + 10. Let o be s(5). Let n = 226 + o. Calculate the highest common factor of 442 and n.
26
Let k be 1/((-18)/4) - 634*(-9)/162. What is the greatest common factor of 287 and k?
7
Let k = 1530 - -630. Calculate the greatest common factor of k and 80.
80
Let v(g) = -g**3 + 97*g**2 - 91*g - 416. Let c be v(96). What is the greatest common factor of c and 7584?
32
Let b(f) = 2*f - 61. Let q be b(-7). Let o be (-1 + 17)/(5*(-6)/q). Calculate the highest common factor of o and 12.
4
Let y = 38 + -19. Suppose q + 3*i - 94 = 0, 7*i = -586*q + 587*q - 34. Calculate the greatest common factor of q and y.
19
Suppose -6402 - 28798 = -88*l. What is the greatest common divisor of l and 104?
8
Let k be ((-50)/(-4))/((-46)/(-184)). What is the highest common factor of k and 50?
50
Suppose 0 = 3*q + 4*m - 151, -119 = -3*q - 0*q + 4*m. Suppose -145 = -5*v - 5*k, k - q - 32 = -3*v. Calculate the highest common divisor of 264 and v.
24
Let i = 6850 + -3917. Calculate the greatest common factor of i and 21.
7
Suppose -4*s + 4*m = -1636, -3*s + 1242 = -10*m + 12*m. Calculate the highest common factor of 8034 and s.
206
Let c(l) = -l + 1. Let t be c(-5). Suppose 0 = -21*d + 509 + 247. Suppose -6*r - d = -9*r. Calculate the greatest common divisor of r and t.
6
Let d be 100/6*(1 - -38). Calculate the greatest common divisor of d and 1690.
130
Let c(v) = -v**2 + 11*v + 32. Let l be c(13). Suppose 2*o - 30 = 4*q - 6*q, 0 = 2*q + l. What is the highest common divisor of 36 and o?
18
Let y be (0 - 10)*96/(-80). Let i(v) = 6*v + 27. Let u be i(y). What is the greatest common divisor of 33 and u?
33
Let u be (-1 - -20)/(148/444). What is the greatest common divisor of 5776 and u?
19
Suppose q + 175 = -5*r, 29*q - 3*r = 33*q + 785. Let g = q - -215. What is the highest common divisor of 30 and g?
15
Suppose 2*c + 1900 = -5*z + 7*c, -3*c + 762 = -2*z. Let l be 5/(15/(-4))*z/28. What is the highest common factor of l and 270?
18
Let f be (-3)/5 - (-256)/(-40). Let j = f - -39. Let p = 42 - j. Calculate the greatest common factor of p and 80.
10
Suppose 12*x - 6*x = 36. Suppose k - x = -2*p, 2*p - 13 = -2*k - p. Suppose -3*s - 5 = -k*s. What is the greatest common factor of 13 and s?
1
Let p be 32/10*(23 + (4 - -3)). What is the highest common divisor of p and 732?
12
Let m(a) = -15*a**3 - 4*a**2 - 9*a - 1. Let f be m(-2). What is the highest common factor of 21417 and f?
121
Suppose -4*s = -k - 3036, 4*s - 3036 = -755*k + 761*k. Let f be (-1)/2 - (-67)/2. Calculate the highest common factor of s and f.
33
Let w(u) = -135 + 3*u + 114 + 5*u + u. Let a be w(3). What is the greatest common divisor of a and 9?
3
Let t(z) = 3*z + 10. Let p be t(11). Suppose -p = -8*u + 221. Suppose -y - 660 = -6*y. Calculate the highest common factor of y and u.
33
Let s = -368 + 823. Calculate the greatest common divisor of s and 105.
35
Let b(t) = -6*t - 6. Let o be b(-3). Let r(l) = l**3 - 7*l**2 + 10*l + 9. Let j be r(6). What is the highest common factor of o and j?
3
Let x(k) = -67*k**3 - 8*k**2 - 5*k - 6. Let r be x(-3). What is the greatest common divisor of 18 and r?
18
Suppose 1847*j = 1835*j + 7296. What is the highest common factor of 76 and j?
76
Suppose -141*s + 101 = 4*h - 138*s, -65 = -5*h + 5*s. Calculate the greatest common divisor of 3910 and h.
10
Suppose 3154 - 53138 = -22*x. What is the greatest common divisor of 142 and x?
142
Let g = 256 - 263. Let x be (-3 - -4)*81 - g. Calculate the highest common factor of 22 and x.
22
Suppose 12 = 33*y - 37*y. Let n be (3 - -12)*y/(-5). Calculate the highest common divisor of n and 1.
1
Suppose -3*s + 2*m - 4*m - 183 = 0, -5*m + 204 = -3*s. Let d be 46 + 1 - (-189)/s. Calculate the highest common factor of d and 99.
11
Let x be (-18)/99 - (-40)/(-55)*-289. What is the highest common factor of x and 7?
7
Let q = 39 - -78. Let w be (-7 - (-8)/2) + 86. Let c = 161 - w. What is the greatest common divisor of c and q?
39
Let y = 187 - 105. Let f(d) = -d**3 + 2*d**2 - d + 980. Let t be f(0). Let i be (-1)/(-2 - t/(-492)). What is the greatest common factor of y and i?
41
Suppose -6*h = 3*b - h - 5, h + 2 = 0. Suppose 5*d + 3*o = 9*d - 117, d = b*o + 25. What is the greatest common divisor of d and 260?
10
Let w be (-2213 - 4)*(-5)/15. Let p = w - 615. What is the highest common divisor of p and 62?
62
Let c be 167724/90 + 2/(3*(-20)/18). What is the highest common divisor of c and 46?
23
Let p(b) = b**3 - b**2 - b - 12. Let o be p(3). Suppose a - 41 - 80 = -o*w, 0 = 3*a + 2*w - 342. Calculate the highest common divisor of a and 28.
28
Let y be (-4)/(-4) + -5 - -5. Let s be (y/2 - 0)/(7/(-1316)). Let o = s - -97. What is the highest common factor of 57 and o?
3
Let k = -868 - -2116. Calculate the highest common factor of 390 and k.
78
Let c = 276 + -277. Let r(s) = 408*s**2 + s + 1. Let f be r(c). What is the greatest common factor of 51 and f?
51
Suppose -5*d + 4*d = -2*j + 5118, 3*j + 2*d - 7684 = 0. Suppose 513*a - 523*a = -j. Calculate the highest common divisor of a and 48.
16
Suppose 5*m = -0*m - 40. Let o(x) = -10*x**2 - x**3 + 4971*x - 4967*x + 3*x**2 + 1. Let h be o(m). Calculate the greatest common factor of 11 and h.
11
Suppose -g = -2*r - 7, -g + 4 = -0*g - r. Suppose 25 - g = 2*n. What is the greatest common factor of 348 and n?
12
Let k = 293 + -379. Let i = k + 92. Calculate the highest common factor of i and 6.
6
Suppose -3*h + 2*z = -71, 3*h = -5*z + 93 - 8. What is the highest common factor of 4675 and h?
25
Let o(q) = 3*q**2 - 17*q + 27. Let f be o(7). Suppose 281*k - 276*k = f. Calculate the highest common factor of k and 286.
11
Let h(k) = 238*k**2 + 342*k + 682. Let f be h(-2). What is the highest common divisor of 450 and f?
50
Let z = -108 + 167. Let a = 73 - z. Let g(o) = -2*o**2 + 29*o - 13. Let q be g(a). What is the highest common factor of q and 2?
1
Let t be (2 - 26)*(450/(-360) + (-26)/24). Calculate the highest common factor of t and 5446.
14
Let l(k) = 6*k - 9. Let i be l(8). Let r = i - 21. Let z = -2 + 92. Calculate the greatest common factor of z and r.
18
Let b be (1288/(-207))/((-6)/999). What is the highest common factor of 2516 and b?
148
Let l = -386 + 563. Let t = -129 + l. Suppose 40 = 5*y + 10. What is the highest common divisor of t and y?
6
Suppose -1771 = -91*j + 32*j + 353. Suppose -3*c = -4*a + 22, -4*a + 2*a = 3*c - 2. What is the greatest common factor of j and a?
4
Suppose 12 = -3*a, -s - 5*a - 84 = -796. What is the highest common divisor of s and 549?
183
Suppose -8*n = -47 - 129. Let v = 180 - 121. Let o = v - 57. Calculate the greatest common factor of o and n.
2
Suppose -5*s - 9*s + 5699 - 1947 = 0. Calculate the greatest common divisor of s and 12.
4
Let w = 5846 + -5547. Suppose -3*p = -p - 46. Calculate the greatest common divisor of p and w.
23
Suppos